f + 63. Let j be a(10). Suppose j*n = 39*n - 18. Let i(b) be the second derivative of -b**4/6 + b**3/2 + 3*b**2/2 - 13*b. Give i(n).
-6
Let k(p) be the third derivative of 17/24*p**4 - 4 + 6*p**2 + 0*p + 1/30*p**5 + 1/2*p**3. Calculate k(-8).
-5
Let d(q) = -73 + 0*q**2 + 61*q - 48*q + 53 - q**2. What is d(12)?
-8
Suppose 24 = 5*w - 26. Suppose 0*c + 5*c = w. Suppose -p + 4 + 13 = -4*g, -c*p - g = -7. Let l(s) = -s**2 + 6*s - 5. Determine l(p).
0
Let o(v) = v - 5. Let k(m) = -1 + 3*m - 10*m + 8*m. Let z(b) = 2*k(b) + o(b). Suppose 5*i + 0*i - 25 = 0. Calculate z(i).
8
Let i(v) = 3*v**2 + 119*v - 47. Suppose 39*b - 3480 = 126*b. Give i(b).
-7
Let y(c) = c**2 + 4*c + 1. Let v be ((10/(-4))/(-5))/(4/8). Let d be 420/(-14) - (v - (-2)/(-2)). Let s be 2/5 - ((-324)/d)/2. Give y(s).
6
Let b(y) = -38 + 38 + 19 - 6*y + 25 + 0*y. What is b(8)?
-4
Suppose 0 = 4*p + 4*k + 40, k + 10 = 3*p - 4*k. Let n be (2/1)/(4 + p + 3). Let w(g) = -10 + 6 + 3*g - n - 4. Give w(6).
9
Let q(p) be the first derivative of 3*p**2/2 - 8*p + 1. Suppose 0 = -z + 5*b - 21, 0 = 2*z - b + 16 - 1. Give q(z).
-26
Let v = 30 - 22. Suppose -315 = u - v*u. Let i = -38 + u. Let a(w) = w**2 - 8*w - 7. Calculate a(i).
-14
Let v(n) be the first derivative of n**4/4 - 2*n**3 + 5*n**2/2 + 2*n + 278. Let a be 2/5 - (-308)/(-20). Let m = -10 - a. Determine v(m).
2
Let q(s) = 67*s - s**2 + 70*s - 5 + 70*s + 61*s - 271*s. Let z = 11 - 5. Let i(u) = -u**2 - 2*u - 4. Let h(m) = z*i(m) - 5*q(m). Determine h(4).
-3
Let t(p) = 65*p - 444. Let v(m) = -33*m + 243. Let z(h) = -2*t(h) - 5*v(h). Calculate z(9).
-12
Let u(m) be the first derivative of -m**3/3 + 4*m**2 - 6*m - 130. Let y be u(0). Let w(c) = 3 + 2*c - 2 + 0. Determine w(y).
-11
Let c = 5155 + -5174. Let n(o) = -o - 35. Give n(c).
-16
Suppose -52 = -26*r + 78. Let x(w) = 15*w**2 - 8*w**2 - r*w**2 + 1 - 5*w**2 - 5*w - 4*w**2 - w**3. Calculate x(-6).
-5
Let k(j) be the first derivative of j**2/2 + 5*j + 1. Let t = -53 + 48. Let c be k(t). Let o(l) = l + 3. What is o(c)?
3
Suppose -34*k + 26*k + 1 = 33. Let r(c) = -2*c**2 - 10*c + 3. Determine r(k).
11
Let f be (-2)/5 - 16/10. Let y(i) = 43 + 53 - 71 - 3*i + 5*i + 3*i**2 - 26. What is y(f)?
7
Let n(y) = y**2 - 13*y - 15. Suppose 5*q + 4*l = 340, q + 3*l + l - 52 = 0. Suppose 0 = -15*s + 282 - q. Determine n(s).
-1
Let a(m) = 31*m + 152. Let g(n) = 6*n**2 + 188*n + 57. Let h be g(-31). What is a(h)?
-3
Let d(q) = 150*q + 167*q + 34 + 7*q**2 + 0*q**3 + q**3 - 311*q. Calculate d(-7).
-8
Let d(y) = 2*y**2 + 2*y - 3. Let c be (-12)/5 + (-2)/(-5). Let r(a) = 4*a**2 + a - 5. Let j(k) = c*r(k) + 5*d(k). What is j(-6)?
19
Let v = 12747 + -12759. Let s(k) = k**2 + 9*k - 35. What is s(v)?
1
Let z = 304 - 301. Suppose -3*m + 9 = -z*v + 6, -2*v - 7 = 3*m. Let f(j) = 11*j**2 - 1. Give f(m).
10
Let i(s) be the third derivative of -19/6*s**3 + 2/3*s**4 + 0 - 1/4*s**5 + 0*s + 1/120*s**6 - 94*s**2. Give i(14).
9
Let a = -137 - -136. Let x(c) = 3*c**2 + 5*c + 6. Let b be x(a). Let m(d) = -d - 1. Calculate m(b).
-5
Let l(w) = -3*w**2 - 9*w - 8. Let y(f) = 10*f - 23. Let n be y(2). Let u(v) = -2*v**2 - 8*v - 7. Let o(d) = n*l(d) + 4*u(d). What is o(5)?
-4
Let o(r) = -r - 1. Suppose 2*k - 60 = -k. Suppose -4*d = -i + 10, 4*d = -2*i - 2*i - k. Let z(b) = -2*b + 3. Let h(g) = d*o(g) + z(g). Determine h(-7).
-1
Let q(z) = 147*z + 5 + 44*z**2 - 144*z - 8. Calculate q(1).
44
Suppose 7*y - 2*y = 2*v + 24, 4*y - 9 = 5*v. Suppose y = -16*i + 17*i. Let q(h) = h**2 - 2*h. What is q(i)?
24
Let b(k) = 4*k**2 + 7*k + 161. Let x be b(-12). Let g = 654 - x. Let p(w) = w**3 + w - 1. Calculate p(g).
1
Let c(x) = 34*x + 193. Suppose -31 = o + 5*g, -5*g + 4 - 23 = -o. Give c(o).
-11
Let f(q) = -6*q**2 - 71*q - 1. Let s(l) = l**2 + 15*l. Let c(w) = -f(w) - 5*s(w). Calculate c(-2).
13
Let l(f) = f**2 - 31. Let w be (9/(-2))/(-4*39/104). Suppose w*y - 5*o - 15 = 0, -4*y - 6*o + 10*o = -12. Calculate l(y).
-31
Let n(w) be the third derivative of w**5/12 + 5*w**4/4 - 2*w**3 - 2*w**2 - 2*w + 1691. Give n(-6).
-12
Let s be (323/119 - 4 - 15/21)*-2. Let r(u) = -5*u + 56. Calculate r(s).
36
Let x(d) be the third derivative of d**5/60 + 5*d**4/8 + 8*d**3 + 157*d**2 + d + 4. What is x(-12)?
12
Let d(m) be the first derivative of 2*m**3 - 5*m + 30. Let a(u) = -13*u**2 + 14. Let q(f) = -4*a(f) - 11*d(f). Give q(-1).
-15
Let i be 12*5/(-20) + 9. Let g(s) = -4*s**3 + 10*s**2 - 4. Let n(m) = 3*m**3 - 9*m**2 + 5. Let d(y) = 2*g(y) + 3*n(y). Calculate d(i).
-29
Suppose -26 = -2*m - 3*d, -21*m = -24*m - 4*d + 41. Let n(z) = z**2 - 13*z - 112. Give n(m).
2
Let o(x) = 5*x - 1. Let p = 1157 + -1155. Let i be 1/(-2)*108/(-3). Suppose 4*q - p = -2*d, 4*q - 3*d + d + i = 0. Give o(q).
-11
Let d be (-5)/((-140)/98)*(4 - 6). Let v(t) = -28*t - 174. Calculate v(d).
22
Let k(w) be the second derivative of -3*w + 1/4*w**4 + 3/2*w**2 + 0 - 1/2*w**3. Let i = 4 - 2. What is k(i)?
9
Let d = 1 + 3. Suppose 4*u = r - 6, -2*r = -5*u + 3*u - 12. Let p be (-24)/r*2/d. Let s(z) = 2*z**2 + 4*z + 2. Give s(p).
2
Let k(u) be the first derivative of -2*u**2 - 30*u - 8048. What is k(7)?
-58
Let c be 2/((-5)/(-1)*(-26)/585). Let m be 6/(c/(-12)*-1). Let u(d) = -3 + 0*d - d**2 - 8*d - 3. Determine u(m).
-6
Let d(z) be the first derivative of -9*z**2/2 - z - 2772. Suppose -2*j + 21 = 3*p, -6*j + j = -p - 10. Give d(j).
-28
Let o = 13 - 11. Let g(r) = -6*r**3 - 2*r**2 - r - 7. Let k(n) = -7*n**3 - 3*n**2 - n - 8. Let f(d) = 6*g(d) - 5*k(d). What is f(o)?
0
Let n(c) = 3*c**2 - 31*c - 63. Let u be n(-2). Let o(b) = -2*b + 26. Give o(u).
4
Let q(f) = f + 3. Let j be 42745/(-3320) - 1/8. Give q(j).
-10
Let m(h) = -h**3 + h**2 - h - 7. Let n be m(0). Let q(g) be the first derivative of -g**4/4 - 8*g**3/3 - 7*g**2/2 + 7*g + 288. Calculate q(n).
7
Let o(f) = -375 - 367 + 10*f - 2*f + 739 + f**2. Suppose -2*t - a = a + 14, -5*a + 5 = 0. Give o(t).
-3
Let y = -29 - -31. Let h(f) be the first derivative of -f**4/6 - f**3/6 - 3*f**2 + 5. Let i(z) be the second derivative of h(z). Give i(y).
-9
Let i = 114 + 81. Let s = i + -197. Let m(c) = -5*c - 1 + c**2 + 0 - 2*c**2. Give m(s).
5
Let t = 8316 + -8301. Let s(m) = 2*m**2 - 27*m - 6. Determine s(t).
39
Let m be (-1860)/(-2325) - (-1 - (-9)/5). Let q(b) = 2. Let j(d) = d. Let y(r) = -j(r) - q(r). Give y(m).
-2
Let r be ((-15)/4)/3*4. Let i(v) = v - 8. Let f(c) = -9 + 0 + 2 + 2*c - 1. Let a(g) = 2*f(g) - 3*i(g). Determine a(r).
3
Let j(h) = -h**2 + 6*h + 4. Let n(k) = 3*k - 6. Suppose -15 + 6 = 3*a. Let l be n(a). Let z(m) = m**2 + 15*m + 3. Let c be z(l). What is j(c)?
13
Let j(k) be the second derivative of -k**5/20 + 7*k**4/12 + 4*k**3/3 - 4*k**2 - k. Let g(s) = 1949*s + 3906. Let b be g(-2). Give j(b).
-8
Let p(v) = v**3 - 2*v**2 - 7*v + 10. Suppose 2532 - 600 = 372*g + 111*g. What is p(g)?
14
Let i(p) = p**3 + 17*p**2 - 38*p - 6. Suppose 361 = -124*l + 105*l. Calculate i(l).
-6
Let n(m) = -m**3 + 56*m**2 + 9*m + 8. Let r(k) = -27*k**2 - 6*k - 5. Let u(p) = -2*n(p) - 5*r(p). Give u(-11).
-2
Let f = -30 + 38. Let b(t) = 0*t + 2*t - 1 - 4*t + 0*t + f*t**2. Suppose 3*y = 2*u - 13, 7*y - 8*y = -2*u + 11. Give b(y).
9
Suppose -o = -t - 2 - 2, -13 = -5*o - 2*t. Let a(b) = -3*b**2 - 1 - 4*b**2 - 2*b + 5*b**2 + 25*b**o. Suppose -3*d = 5*n + 3, 3*n + 2 = 3*d + 5. Calculate a(d).
-26
Let p(d) = -4*d**3 + 2*d**2 - 2*d - 1. Let j be (-108)/234 + 40/(-26). Determine p(j).
43
Let f(b) be the first derivative of b**4/4 + 7*b**3/3 + 3*b**2/2 + 2*b - 1322. Give f(-6).
20
Let b(p) = -p**3 - 6*p**2 - 4*p + 4. Let t = 30 - 35. Let k be b(t). Let h(f) be the first derivative of 4*f**4 + 2*f**3/3 - f - 2. Give h(k).
-15
Let d(c) = 5*c**3 + 14*c**2 + 6*c + 3. Let o(i) = -4*i**3 - 13*i**2 - 6*i - 4. Let b(k) = 3*d(k) + 4*o(k). Give b(-8).
-87
Suppose t + 3 = a, -3*a + 2*t = -5*a + 2. Let u(y) = -5 - 2 + a + 4*y - 2*y. Let p(f) = -2*f**2 - 16*f - 8. Let n be p(-7). What is u(n)?
7
Let d(t) = t**2 - 4*t + 3. Let u be ((-4)/14)/(10/(-140)). Suppose 2*m - 2*i - u = -i, -i - 8 = -3*m. Suppose -b = 3*n - 2, 10 = m*n - b - 2. Give d(n).
-1
Let n(g) = -50 - 41 - g**3 + 49*g + 50 + 78*g**2 - 31*g**2. Determine n(48).
7
Let h(j) be the third derivative of j**4/8 - 5*j**3/2 - j**2 - 576*j. Let a = 19 + -12. What is h(a)?
6
Let m(k) = -k**3 + 6*k**2 + 7*k + 6. Let l = -107